et p(f) = f**2 + 20*f + 41. Let j be p(-18). Let w(b) = -j*b**2 - 7*b**2 - 24*b + 23*b. Calculate w(1).
-13
Let o(l) = -2*l + 1. Let x(b) = b + 5. Let h(c) = 6*o(c) - x(c). What is h(-1)?
14
Let h(s) = s**3 + 7*s**2 + 3*s + 9. Let j be (3*4/21)/((-126)/1323). What is h(j)?
27
Suppose -3*z = 3 - 0. Let d(t) = 7*t**2 + 2*t - 1. Let p(o) = -o**2 - 2*o. Let f(m) = d(m) + 2*p(m). Calculate f(z).
6
Let v be (-1)/(6/24) + -2. Suppose 8*w = 3*w. Let a(u) = -u**2 + w + 0 - 6*u + 5. Give a(v).
5
Let o(h) = -h**2 + 1 + 6*h**2 - h**2 + h - 5*h**2. Determine o(-1).
-1
Let y be (3/2)/(-1) - (-133)/38. Suppose 2 = 3*c - 4. Let u(a) = a**c + 2 + 3*a - 4*a**2 - 3. Calculate u(y).
-7
Let t be (2 - 2) + 70 + -2. Let r(h) = t - 68 + h - h**2. Give r(2).
-2
Let m(f) = 2*f - 2*f - 2*f - 5*f + 5*f + 5. Suppose x = 5*z + 18, -3*x = 6*z - 2*z + 22. What is m(z)?
13
Let u(f) = f**2 - 4*f - 3. Let v be u(-1). Suppose 8 = 2*c + n, -7*c + v*c = -2*n - 11. Let j(b) be the first derivative of b**2 - 3*b - 1. Give j(c).
3
Let q be 12*(51/12 - 4). Let m(y) = -y**3 - 2*y**2 + y - 3. Let r be m(-3). Let u(c) = -c**3 - c**2 + r*c**2 + 4 + c**2 + c. Give u(q).
7
Let f(i) be the third derivative of i**6/720 - i**5/120 + i**4 + 13*i**2. Let p(m) be the second derivative of f(m). Give p(6).
5
Let m(p) = p - 3. Let o(z) = 4*z - 15. Let c(u) = -5*m(u) + o(u). Let a = -11 + 6. Give c(a).
5
Let z(l) = -l. Let c be z(-3). Let p(v) = 5 + 14*v**3 + v - 2*v**2 - 10*v**c - 5. Determine p(1).
3
Suppose -255*w - 6 = -254*w. Let b(u) = u**3 + 6*u**2 - u + 7. What is b(w)?
13
Let m be -2 - (-18)/3 - 2. Let c(u) = 2*u + 1. Let x be c(m). Let z(r) = 0*r**2 - 2*r**2 - 3*r + 2*r**2 - 6 + r**2. Determine z(x).
4
Let v be (-17)/85 + (-74)/5. Let d(x) = -x**3 - 17*x**2 - 32*x - 17. What is d(v)?
13
Suppose 1 - 2 = -l, -4*v + l - 61 = 0. Let x(s) = s - 5. Calculate x(v).
-20
Let g(q) be the first derivative of 8*q**3/3 + 1. Suppose -4*p + 4 = -4. Suppose 0 = -u + 4*a + 11, 4*u - 4*a - 10 = p*u. Give g(u).
8
Let g(b) = -b**3 - 8*b**2 - 9*b - 6. Suppose -22*c + 19*c - 4*z - 26 = 0, -3*z = 3*c + 24. Determine g(c).
-24
Let s = 58 - 56. Let k(r) = 33*r - s - 68*r + 34*r. Determine k(4).
-6
Let t(h) = h**2 - 5. Let y(l) be the third derivative of l**4/24 + l**3/6 - 37*l**2. Let q(x) = -t(x) - y(x). What is q(-3)?
-2
Let r(t) = 2*t**3 + 12*t**2 + t - 2. Let x be r(-6). Let l be -3 + ((-6)/24)/(2/x). Let k(d) = -d**2 - 2*d. Calculate k(l).
0
Let v(h) = 5*h**3 - h**2 - 21*h + 22. Let b(c) = -9*c**3 + 4*c**2 + 43*c - 45. Let z(u) = -4*b(u) - 7*v(u). What is z(11)?
-7
Suppose -3*v + 21 = -3*f, 5*v + 4 - 19 = -5*f. Let l(x) = 3*x**3 + 2*x**2 + x - 1. Determine l(f).
-19
Let g(v) = v**3 - 7*v**2 + 8*v - 9. Let c = -175 - -181. Give g(c).
3
Suppose -x - 3*x = -32. Suppose 10*o - 8*o + x = 0. Let f(l) = -2*l + 1. Determine f(o).
9
Let a(r) = -r**2 - 6*r + 2. Let i be a(-7). Let l(v) = -v**2 - 6*v + 1. Let j(g) = -1. Let q(f) = i*j(f) - l(f). Suppose 1935*m - 27 = 1944*m. Give q(m).
-5
Let w be 17 + -18 - 0/(0 - 1). Let o(f) = 18*f**2 - 2*f - 1. Give o(w).
19
Let m(t) be the second derivative of -t**5/20 - t**4/3 + t**3/2 + 5*t**2/2 - 159*t. What is m(-4)?
-7
Let p be 22/4 - (5 - 4)/2. Suppose y + p*x = 12, -13 = -2*y - 4*x + 5*x. Let v(o) = o**2 - 8*o + 10. What is v(y)?
3
Let a(r) = -4*r**2 - 5*r + 1. Let s(h) = -4*h**2 - 4*h + 1. Let u(k) = -2*a(k) + 3*s(k). Give u(2).
-19
Let c(v) be the first derivative of v**3/3 - 3*v**2 - 4*v - 698. Give c(3).
-13
Let g = -1 - -6. Let z be 7/(14/(-4)) + g. Suppose z*s + 4 = -2. Let d(h) = 5*h + 2. Determine d(s).
-8
Let s(u) = 3*u**3 - 3 + u**2 - 7*u**3 + 2*u**3 + u**2 - 2*u + 5*u. Determine s(2).
-5
Suppose 0 = 7*q - 2*q - 25. Suppose 0 = -4*w - q*a - 46, 0 = 5*a - 9 - 1. Let s be 4/(-10) - w/35. Let f(y) = -y**2 + y + 10. What is f(s)?
10
Let p(y) = y**2 - 3*y - 5. Let x = -17 + 25. Let r = 18 - 15. Suppose c + x = r*c. Determine p(c).
-1
Let t(j) = 4*j - 3. Suppose -l - 5*r + 8 + 13 = 0, 13 = l + 3*r. Let p(o) be the second derivative of o**4/4 + o**2/2 - 4*o. Let x be p(l). Give t(x).
13
Let k(f) = -3*f**3 + f**2 - 4*f - 9. Let i(u) = 0*u**3 + 5*u - 29 + 2*u**3 + 37 - 2*u**2. Let r(w) = -4*i(w) - 3*k(w). Give r(-6).
7
Let q(o) = 8*o**3 - 8*o**2 + o - 11. Let z(s) = -27*s**3 + 25*s**2 - 4*s + 36. Let w(t) = 10*q(t) + 3*z(t). Suppose -4*a = -a + 15. Determine w(a).
8
Suppose -2*q + 21 = -3*g - 27, -110 = -3*q - 5*g. Let h = q - 30. Let m(i) = -i**2 + i + 12. Calculate m(h).
12
Let c(m) = -m**3 + 7*m**2 - 4*m + 25. Let p be c(7). Let g be -2 - 3*4/(-3). Let u(y) = -y + y + g*y - 2. Calculate u(p).
-8
Let t be -233*(-1)/(-3) - (-1)/(-3). Let u = t - -76. Let x(s) = s. What is x(u)?
-2
Let v(d) = d**3 + 6*d**2 - d + 6. Let t = -2 - -2. Suppose 3*h - 3 + t = 0. Let u be (-69)/12 + h/(-4). What is v(u)?
12
Let r = 64 + -48. Suppose -r*h + 5*h = 44. Let i(y) = 9*y - 3. Let k(t) = 4*t - 1. Let j(n) = 3*i(n) - 7*k(n). Calculate j(h).
2
Let q = 13 - 8. Let f(j) = 8*j**2 - 4*j**2 - 5*j**2. Let z(h) = -h**3 + 7*h**2 + 4*h + 3. Let r(s) = -3*f(s) - z(s). Determine r(q).
2
Let q(t) = -17*t**2 - 6*t - 12. Let k(r) = -r**2 - r + 1. Let o(f) = 4*k(f) - q(f). Let w(a) = -2*a**2 + a - 1. Let y(p) = -o(p) - 6*w(p). What is y(-7)?
-3
Let h be 8*2/(-4) + 9. Let d(s) = s + s**3 + h - 1 + 5*s**2 - 1 + 0*s**3. Suppose 4*t + t + 25 = 0. Calculate d(t).
-2
Let i(l) = 8*l**3 - l + 1. Let p be (-15)/6*(12/(-5) - -2). What is i(p)?
8
Let t be 5 + -3 + -1 + 3. Suppose -t - 14 = -3*x. Let h(y) = 33*y + 142 - 144 + y**2 - 40*y. What is h(x)?
-8
Let y(l) be the second derivative of 21*l**5/10 + l**4/12 + l**3/6 + 89*l + 1. What is y(-1)?
-42
Suppose -233 = 4*a - 217. Let w(g) = -g**2 + 1. Let u(r) = r**3 + 9*r**2 - 2*r - 3. Let c(d) = -u(d) - 6*w(d). Give c(a).
5
Let o(t) = 2*t**2 + t - 43. Let x be 2/(-10)*-1*(73 + -73). Determine o(x).
-43
Let w(p) be the first derivative of -p**4/4 + p**3 - p**2 + 2*p + 1. Suppose 0 = 6*l - 13 + 1. Give w(l).
2
Let k(a) = a**3 - 13*a**2 + 5. Let j be k(13). Let x = 9 - j. Suppose -4*m + 4 + x = n, 2*m = 3*n - 10. Let i(z) = -13*z - 1. Give i(m).
-14
Let s(r) = -7 + 23*r + 20*r - 66*r + 24*r. Calculate s(-5).
-12
Let m be ((-78)/(-12))/(-13)*6. Let c(s) = s**3 + 3*s**2 + 3*s - 1. What is c(m)?
-10
Suppose -12 = 3*m - 6*m. Let h(n) = -4*n**3 - 16*n**2 - 9*n - 2. Let b(t) = 3*t**3 + 11*t**2 + 6*t + 1. Let d(c) = 7*b(c) + 5*h(c). Calculate d(m).
1
Let k(v) = -v**3 - v. Let n(m) = -2*m**3 - m**2 - 2*m - 2. Let z(o) = -3*k(o) + n(o). Let a(h) = -h - 2. Let f be a(-4). Give z(f).
4
Let o be -6*9/2 - 3. Let a be 12/o + 2/5. Suppose -c - 2*c + 15 = a. Let w(h) = -h**3 + 5*h**2. Give w(c).
0
Suppose 164 = 4*z - 88. Suppose -4*o = z - 3. Let p be o/10*(-12)/9. Let n(k) = 3*k**2 - 2*k + 3. Calculate n(p).
11
Let x(t) = 17*t + 363. Let z be x(-22). Let j(b) = -2*b - 24. What is j(z)?
-2
Let h(q) = q**2 + 6*q - 2. Let j = -505 - -498. What is h(j)?
5
Let s be -5*(-1 - 1)/(4 - 2). Let f(l) = -s*l + 137 + 2*l**2 - l**2 - 5*l - 125. What is f(9)?
3
Let q be 2/4 + 4 + (-6)/(-4). Let g(y) = 8*y**2 + y + 7. Let k(v) = -v**2 - 1. Let i(u) = q*k(u) + g(u). Give i(2).
11
Let u(p) be the third derivative of p**4/24 - 11*p**3/6 - 125*p**2. What is u(8)?
-3
Let z be -5*(-5 - -8 - 2). Let i(v) = -v**2 - 7*v - 5. Determine i(z).
5
Suppose -3 = g - 5. Suppose -4*m - 5 = -5*i - 2*m, -5*m = -5*i - 10. Suppose -v - g*s = i*s - 18, v + s = 2. Let c(d) = d**2 - d - 1. Give c(v).
5
Let d(g) = -1 - 2 + 2*g + 0*g. Let x be 50/6 + 4/(-12). Let r = x - 2. Give d(r).
9
Let t(z) = -z**3 + 4*z**2 - 6*z + 11. Let u be t(3). Let f(k) = -2*k**u - 8*k**2 + 13*k**2 - k - 7*k**2. Calculate f(-2).
-14
Let o(f) be the first derivative of 0*f**2 - 8/3*f**3 + 1 + 0*f. Calculate o(-1).
-8
Let p(c) = -c. Let y(h) = -h**2 + 16*h + 16. Let j be y(17). Let m(a) = -8*a - 7. Let s(w) = j*m(w) + 5*p(w). What is s(-6)?
-11
Let q(p) = -p**2 - 4*p + 22. Suppose 0 = 65*t - 21*t + 308. Give q(t).
1
Let f(m) be the third derivative of -m**5/60 - m**4/24 + m**3/6 - 28*m**2 + 10. Determine f(0).
1
Let j(i) = -i**2 - i - 5 + 2*i**2 + 2*i. Let p be 2*(-24)/(-18 - -6)*(-1)/1. Determine j(p).
7
Let n(z) = -2 - 7*z - z**2 + 0*z**2 + 0*z**2. Suppose 29 = -7*g - 13. What is n(g)?
4
Let b(h) = -3 + 5 + 2*h**2 - 2*h**3 - 3 - h. Let u(p) = 8*p